 of x?
4
Let j = 0 + 2. Suppose t - q = 3, t - 1 = -j*q - 7. Suppose -2*d + 10 = 0, 0 = -4*y - t*d + 4*d + 256. What is the units digit of y?
9
Let x(i) = 12*i**2 + 34*i + 4. Suppose -5 = f + 3. What is the tens digit of x(f)?
0
Suppose r - h + 3 - 6 = 0, -4*r + 3 = 5*h. Let a be 3 + (1 - r) - (-2)/2. Suppose -z - a - 13 = -m, 2*m = -2*z + 20. What is the units digit of m?
3
Let c(z) = z**3 - 11*z**2 + z + 1. Let s be c(11). Let b = 39 - s. Suppose -2*t + 30 = 3*y, -y + 3*t + b = -2*t. What is the tens digit of y?
1
Let r(j) = 277*j**3 - 5*j**2 + 5*j + 11. What is the units digit of r(2)?
7
Let u be (-12)/9 + ((-1064)/21)/(-8). Suppose -1210 = -3*h + 7*g - u*g, 4*h - 3*g = 1613. What is the hundreds digit of h?
4
What is the hundreds digit of (172/22 - 8) + (-130596)/(-22)?
9
Let a = -630 + 333. Let p = a + 424. What is the units digit of p?
7
Let c = -202 - -203. What is the units digit of (c + -1198)*-4*(-2)/(-8)?
7
Suppose -8*c + 4 = -4*c - 3*v, -8 = -c - v. Suppose 430 = r - 85*n + 89*n, -c*r + 3*n = -1644. What is the tens digit of r?
1
Suppose -5*m + 3762 = -2*r - 6009, -m - 3*r + 1961 = 0. Let p = m + -1311. What is the hundreds digit of p?
6
Suppose w + 11030 = 11*w. Suppose 1217 = 20*y - w. What is the tens digit of y?
1
What is the units digit of ((-2)/4 - -1)/(2/(30 + 2))?
8
Suppose g = -u + 5 + 1, 5*u = -3*g + 32. Suppose -u*q + 13*q - 462 = 0. What is the units digit of q?
7
Let w = 2890 - -2039. What is the thousands digit of w?
4
Let y = -35117 + 66341. What is the tens digit of y?
2
Let j(d) = -2*d**3 + 4*d**2 - 21*d - 5. Let x be j(5). Let o = x - -770. What is the units digit of o?
0
Let a = 5065 + -3160. Suppose -23*n + a = -7824. What is the hundreds digit of n?
4
Let q(x) = 42*x**2 + 3*x - 7. Let t(w) = 63*w**2 + 5*w - 12. Let h(r) = 5*q(r) - 3*t(r). Let o be (-2 + 1)/((-2)/(-6)). What is the units digit of h(o)?
0
Let d(a) = 5*a - 9. Let y be d(7). Let r be (1 - y)/(11/(-187)) + 0. Let w = r - 114. What is the tens digit of w?
1
Let i = -2350 - -15761. What is the ten thousands digit of i?
1
Let r = 79 - 72. Suppose 20 = r*t - 1. Suppose 0 = 2*w - 10, 5*z - t*z = w + 167. What is the units digit of z?
6
Suppose 2*o = 6, 0 = 3*r + 19*o - 15*o - 1965. What is the tens digit of r?
5
Suppose 17*p = 21*p - 244. Let w = p + -61. Suppose 6*t + 3 - 27 = w. What is the units digit of t?
4
Let k be -2 + 782 - (-5 + -3). Suppose 5*s + b - k = 32, 0 = 3*s - 2*b - 492. What is the hundreds digit of s?
1
Let h(g) = g**2 + 25*g + 62. Let k be h(-22). Let l be k/3 - (-96)/18. Suppose l*d - 336 = -4*v + 2*d, 0 = -2*v + d + 172. What is the units digit of v?
5
Suppose -3*b = -1665 + 57. Let h(n) = -n**2 - 29*n - 121. Let p be h(-36). Let i = p + b. What is the tens digit of i?
6
Let j(r) = 1451*r**2 - r + 18. What is the units digit of j(3)?
4
Let b be (2 - 4 - -4) + (-35)/5. What is the tens digit of 6/(-20)*b*76?
1
Suppose -3*c + 2*n = 2, -7*n = 2*c - 3*n - 4. Let p(q) = -q**3 + 2*q**2 + 2*q + 198. Let u be p(c). Suppose 6*a - 7*a + u = 0. What is the units digit of a?
8
Suppose 162056 = -183*c + 230*c. What is the tens digit of c?
4
Suppose 5*x = -5*r + 77910, -2*r + 3*x = -21069 - 10115. What is the units digit of r?
6
Let c(a) = -2*a**3 + 11*a**2 + 6*a - 17. Let b be c(5). Suppose z = -10 + b. What is the units digit of 7/z - 375/(-4)?
4
Suppose 0 = 3*f + 2*f. Suppose 4*v - 9 = 3. Suppose -2*o = -3*c + 451, -4*c - v*o - o + 568 = f. What is the tens digit of c?
4
Let j = -5775 + 6021. What is the units digit of j?
6
Let c(p) = 110*p**2 - 65*p - 532. What is the thousands digit of c(-12)?
6
Suppose 5*r = 813 + 4042. What is the units digit of r?
1
Suppose 46*q = 49*q - 15. Let t = q - -13. Suppose 3*g = 2*g + t. What is the tens digit of g?
1
Suppose 5*t = -375*a + 378*a - 2560, -a + 830 = 3*t. What is the tens digit of a?
4
Suppose -2*s + 16*p - 12*p + 2178 = 0, -4*p = 3*s - 3287. Let n = -634 + s. What is the units digit of n?
9
Let w(s) = s - 6. Let u(y) = y**3 - 3*y**2 - 8*y - 2. Let h be u(5). Let a be w(h). Suppose -3*t - 8 = -2, 3*p - a = -5*t. What is the units digit of p?
4
Suppose -4*f + 4*v + 17 - 13 = 0, 39 = 4*f + 3*v. Suppose -2*u = 6, 5*u = -2*h + f*u + 3211. What is the hundreds digit of h?
6
Suppose 4*j - j = 11283. Suppose 0 = -16*z + 1711 + j. What is the tens digit of z?
4
Let p(z) = z**3 - 7*z**2 + 9*z - 5. Suppose -2*c + 35 = 2*c - 5*j, 2*j = 10. Let n be ((-14)/(-10))/(c/75). What is the units digit of p(n)?
8
Suppose -326865 = -17595*q + 17574*q. What is the thousands digit of q?
5
Suppose 3*t = -4*f + 3, -3*f - 2*f + 2*t + 21 = 0. Suppose -f*i = 0, x + i = -4*x + 2900. What is the hundreds digit of x?
5
Let m(q) be the second derivative of -34*q**3/3 - 15*q**2 + 20*q + 2. What is the hundreds digit of m(-7)?
4
Let q(t) = -2*t**3 + 2*t**2 + 72*t + 53. What is the tens digit of q(-17)?
3
Suppose 3*g - 11 = -5*y, -3*g + 7 = 2*y - 10. What is the units digit of (g + (-6 - 0))*(-1 + 779)?
8
Suppose -9*g - 5*h + 13455 = -4*g, g - 3*h - 2691 = 0. Suppose -4*t + 13*t - g = 0. What is the tens digit of t?
9
Let s(u) = 6*u**2 + 10*u - 13. Let m be s(7). Let r = -198 + m. What is the tens digit of r?
5
Let u(s) = 6*s - 2. Let v be u(-5). Let z = v + 36. What is the tens digit of (z - 1 - -18) + -4?
1
Let z = 100 - 98. Suppose -4*y + 36 = 4*s, -5*s = z*y - 7*y + 65. What is the tens digit of y?
1
Let a = 210 + -212. What is the units digit of (-92240)/(-80)*2/(-4)*a?
3
What is the hundreds digit of 6/7 - (-924939)/399?
3
Let b be (19 + -19)/(1 + -2). Suppose b = u - 2*u + 189. Suppose 3*x - u = 27. What is the tens digit of x?
7
Let s(q) be the second derivative of q**3/3 - 45*q**2/2 + 13*q. Let b be s(24). Suppose 3*l - 5*p = 361, -b*l = -8*l - p + 611. What is the tens digit of l?
2
Suppose 3540491 = 147*u + 485616 - 355672. What is the ten thousands digit of u?
2
Let m(i) = 129*i - 5. Let s be m(3). Let d = -200 + s. What is the units digit of d?
2
Let s(x) = -x**2 - 4*x + 14. Let a be s(-6). Suppose -3*k + a*k = 0. Suppose 2*d = -2*n + 88, 4*d + n + k*n - 170 = 0. What is the units digit of d?
2
Let f(g) = -7710*g + 1072. What is the hundreds digit of f(-2)?
4
Suppose 0 = 5*a + 3*s - 1521, a + 4*s - 161 = 133. Suppose -7*f - a = -47. Let b = f - -71. What is the tens digit of b?
3
Let t be (-30)/(-12)*(8/10)/1. Suppose 0 + 32 = t*w. What is the units digit of 1 - -17 - w/4?
4
Suppose 33*z - 30*z = 900. Let i be (-1)/(-1 + 4/5). Suppose -i*n + 4*n - y + 64 = 0, 5*y = 5*n - z. What is the units digit of n?
2
Suppose 52*q + 18*q = 160160. What is the thousands digit of q?
2
Let q(j) = -3132*j + 1508. What is the ten thousands digit of q(-7)?
2
Let b = -324 + 324. Suppose -6*a + b*a = -450. What is the units digit of a?
5
Suppose -11*n + 9*n = 4. Let r be (-113)/1 - (n + 5 - 6). Let c = -57 - r. What is the units digit of c?
3
Let l(h) = 16*h**2 - 215*h + 58. What is the ten thousands digit of l(-28)?
1
Suppose 5*n - l - 72824 = 0, -9*n + 107897 + 23175 = l. What is the tens digit of n?
6
Let s(j) be the first derivative of -10*j**3/3 + j**2/2 - 1. Let g be s(-2). What is the units digit of (57/4)/(g/(-56))?
9
Let g be 6/30 - (-518)/10. Suppose -g*l + 49*l + 816 = 0. What is the tens digit of l?
7
Suppose 10*x = 2*x + 2552. What is the units digit of 0 + 6970/22 + 58/x?
7
Let c(q) = q**3 + 5*q**2 + 2*q + 4. Let i be c(-5). Let x(l) = -2*l**3 - 15*l**2 - 5*l + 9. Let g be x(-7). What is the units digit of 1/(g/15) - i*1?
3
Let y be (-2 - -1)/((-123)/60 - -2). Let i be (8/3)/(y/2130). Let o = i + -149. What is the units digit of o?
5
Let z be 46 + (-4 - 1 - 0) - 0. Suppose -3965 = -z*t + 28*t. What is the hundreds digit of t?
3
Let n = 7178 + -3234. What is the hundreds digit of n?
9
Let j be (0 + -1)/((-12)/(-1356)). Let a = j + 485. What is the units digit of a?
2
Let x(b) = b**3 - b**2 - 4*b + 4. Let y be x(2). Suppose y = 3*g - 4*m - 1566, 0*m - 2*m = 4*g - 2066. What is the hundreds digit of g?
5
Let f(c) = 10658*c - 9248. What is the units digit of f(6)?
0
Suppose 4*c + 4066 = r + 11119, 2*c - 4*r = 3516. Suppose 4*x + 15 = 3, 2*x = -5*q + c. What is the hundreds digit of q?
3
Suppose -683*k + 686*k + d - 42353 = 0, -3*d = 4*k - 56469. What is the units digit of k?
8
Let o = 33 - 65. What is the units digit of (4*